 divided by o?
18
Let c = 950 + -723. Calculate the remainder when c is divided by 19.
18
Suppose 4*f + 9 = 5*f. Let v(c) = -4*c + 119. Calculate the remainder when v(27) is divided by f.
2
Suppose 23 = 5*k - 7. Let u(x) = x**3 + 10*x**2 - x. Let b be u(-10). Suppose b*h - 14 = 86. Calculate the remainder when h is divided by k.
4
Suppose 3*o = 2*w + 1 - 12, -4*w = 3*o - 49. What is the remainder when 28 is divided by w?
8
Suppose 62*l - 56*l - 90 = 0. Let s = 2 + 9. Calculate the remainder when l is divided by s.
4
Let a be (-3)/((-1)/(-1))*-1. Let q be 1/a - 167/(-3). Suppose 4*v = 228 - q. What is the remainder when v is divided by 22?
21
Let v(z) = -z**3 + 10*z**2 - 18*z + 6. Let x be v(9). Let u = x - -77. Calculate the remainder when u is divided by 2.
0
Suppose 2*j - 544 = 282. Calculate the remainder when j is divided by 98.
21
Let a(x) = -x**2 + 11*x - 6. Let k(t) = 5*t**2 + 29*t - 50. Calculate the remainder when k(-9) is divided by a(6).
22
Let s = 734 - 704. Let d(i) = -2*i**2 + 4. Let r(w) = 8*w**2 + w - 16. Let f(u) = -9*d(u) - 2*r(u). What is the remainder when s is divided by f(3)?
6
Suppose 0*o + 2*o = -50. Let x be 4/5 - (-195)/o. Let m(v) = v**2 - 4*v - 10. Calculate the remainder when m(x) is divided by 18.
13
Let v be (6/(-2) - -4) + -1. Suppose -2*m + 3*j = -21, 2*m + 3*j + v*j = 51. Calculate the remainder when m is divided by 10.
8
Let t(i) be the third derivative of -i**4/24 + 14*i**3/3 + 15*i**2. Let c(a) = 8*a**3 - a. Calculate the remainder when t(8) is divided by c(1).
6
Suppose 45 = s - 18. Let i(o) = 7*o. Let v be i(1). Calculate the remainder when s is divided by (-2)/v + (-1026)/(-63).
15
What is the remainder when 14 is divided by (-224)/(-35) + -2*(-3)/10?
0
Let p = 40 + -17. Let u(g) = -g**3 - 14*g**2 + 3*g + 48. Calculate the remainder when p is divided by u(-14).
5
Let d be 77/44 - (2/(-8) - 0). What is the remainder when 1/d + (-265)/(-2) is divided by 45?
43
Suppose 43*i - 28845 = 28*i. Calculate the remainder when i is divided by 77.
75
Let g = -108 + 207. Let l = -69 + g. What is the remainder when l is divided by 17?
13
Calculate the remainder when 73 is divided by 1/((0 - 1) + 420/405).
19
Suppose -5*a + 1 = -6*a. Let s = 13 - 11. Calculate the remainder when 0 - 2 - a*7 is divided by s.
1
Let o(b) = -b**3 + 10*b**2 - 12*b + 12. Suppose 6 = 5*l - 2*l. Let f = 21 + l. What is the remainder when o(8) is divided by f?
21
What is the remainder when 102 is divided by 5/((-4)/(6 + -2)) + 46?
20
Suppose 0 = 2*r - 3*c - 13, 4*r - 16 = -0*r + 4*c. Suppose 4*f - 7 = 29. What is the remainder when -20*((-18)/8 - r) is divided by f?
7
Calculate the remainder when (-6)/(-3) + -1 - -3 is divided by -5 + 0 + (-9)/9*-7.
0
Let o(v) = 5*v + 26. Let m(s) = s**3 - 19*s**2 + 20*s - 24. Calculate the remainder when o(11) is divided by m(18).
9
Let i(u) = -10*u + 5. Let c be i(-5). Calculate the remainder when c + (2/(-5))/((-1)/(-5)) is divided by 11.
9
Let l = 2 - 8. Let m(g) = -10 + 19 - 8*g - 2 - 10. Calculate the remainder when m(l) is divided by 16.
13
Let m = -39 + 43. Let d(p) = 2*p + 11. What is the remainder when d(m) is divided by 11?
8
Suppose 5*y = 0, -5*w - 5 = 3*y + 35. Let p = 4 - w. Suppose -4*q + q - p = 0, 3*q - 36 = -3*g. Calculate the remainder when g is divided by 9.
7
Suppose 5*a = -5*c - 10, c - 1 + 9 = a. Suppose -a*u - 44 = u. What is the remainder when (-1)/(-1)*(39 + u) is divided by 15?
13
Let b(c) = c - 2. Let s be b(9). Suppose 0 = 5*z + 5*t - 10, 3*t + s = 4*z - 22. Calculate the remainder when z is divided by 3.
2
Let x be (-2)/(-6)*189/(-9). Let z(m) = -2*m**2 - 12*m + 20. What is the remainder when 41 is divided by z(x)?
5
Suppose -3*q - q + 5*c + 10 = 0, 4*q + 3*c = -6. Let d(l) = l - 7*l**3 - 4*l**2 + 7*l**3 + q*l - 2 + l**3. What is the remainder when 5 is divided by d(4)?
1
Let r = -55 - -14. Let u = r + 58. Calculate the remainder when u is divided by 9.
8
Calculate the remainder when 8 + (-17)/(85/(-560)) is divided by 43.
34
Suppose -2*a = w - 386, -2*a = -5*w - 6*a + 1936. What is the remainder when w is divided by 13?
11
Suppose 4*c = c + 54. Let m(t) = -19*t - 255. What is the remainder when m(-16) is divided by c?
13
What is the remainder when -8 + 9076/17 + 4/34 is divided by 17?
16
Suppose 7*p - 725 + 613 = 0. Calculate the remainder when p is divided by 9.
7
Suppose 11 = 3*v + 5. Suppose 0 = 7*n + v - 51. What is the remainder when n is divided by 6?
1
Let i(r) = -r**3 + r**2 + 5*r - 7. Let k be i(4). Let l = k - -48. Calculate the remainder when 50 + 0/1 + 0 is divided by l.
11
Suppose 6*i - 2*i - 180 = 0. Suppose 0*b + k = 5*b - i, 0 = 3*k. Calculate the remainder when b is divided by 7.
2
Suppose 0 = 4*i + d - 576, 4*d + 412 = 2*i + 106. Let u be 3/12 + (-2949)/(-12). Let c = u - i. What is the remainder when c is divided by 26?
23
Let y = 13 + -2. Let o(j) = j**3 + 5*j**2 - j + 2. What is the remainder when y - -3 - (4 + -2) is divided by o(-5)?
5
Suppose 5*p = 4*q + 196 - 461, -3*p = -9. Calculate the remainder when q is divided by 12.
10
Let l(x) = x**3 + 10*x**2 - x + 1. Suppose 9*f + 139 - 49 = 0. Calculate the remainder when 18 is divided by l(f).
7
Suppose 2*k = -p + 24, k = 10*p - 8*p - 58. What is the remainder when p is divided by (24 + 1)*2/5?
8
Let c(z) = -2*z**3 + 59*z**2 + 32*z + 8. Let t = 29 - 6. Calculate the remainder when c(30) is divided by t.
22
Suppose 0 = 6*r + 63 - 15. Let s(k) = k**3 + 8*k**2 - 2*k - 7. Calculate the remainder when 52 is divided by s(r).
7
Suppose -5*y - 4*i - 482 = 0, 2*y + 4*i - 106 = 3*y. Let q = -95 - y. What is the remainder when 11 is divided by q?
2
Let r = -3005 + 3034. What is the remainder when 169 is divided by r?
24
Suppose -1 = 2*h + 5*p, 4*p = 2*h - 5*h - 5. Calculate the remainder when (-319 + h)*1/(-2) is divided by 55.
51
Suppose 4*k + 0*b - 12 = 2*b, k + 5*b = -19. Let o(r) = -r - 4. Let x = 2 + -9. What is the remainder when o(x) is divided by k?
0
Let y(w) = 4*w**2 - 87*w - 2. What is the remainder when 378 is divided by y(22)?
18
Suppose o - i - 73 = 0, 5*o - 2*i = -0*o + 353. What is the remainder when o is divided by 35?
34
Let v = 122 - 47. Suppose 44 = -90*b + 92*b. What is the remainder when v is divided by b?
9
Let k = -1697 + 1781. Calculate the remainder when k is divided by 57.
27
Suppose 3*o + 81 = 12*o. What is the remainder when 75 is divided by 1880/72 - 1/o?
23
Suppose -2635*a - 372 = -2641*a. What is the remainder when a is divided by 37?
25
Suppose -v + 40 = -4*v - 5*f, -12 = -3*f. Let m = v - -30. Calculate the remainder when 0 - (6/(-33) - (-207)/(-11)) is divided by m.
9
Suppose -3*o + 4*s + 107 = 6*s, -2*o + 46 = -5*s. What is the remainder when 161 is divided by o?
29
Let g be 2/(20/9 + -2). Suppose 6*s - g*s = -18. What is the remainder when 14 is divided by s?
2
Let f be (2 + -1 - 5)/((-2)/18). Suppose 0 = -4*b - 4*m + f + 28, 3*b = 4*m + 48. What is the remainder when b is divided by -5*5/(25/(-6))?
4
Suppose -2*a - 5*y = -0*y + 9, -y + 9 = 4*a. Suppose -2*q - d = -263, q = -a*q + 5*d + 533. Calculate the remainder when 25 is divided by (3/4)/(11/q).
7
What is the remainder when -1*94/1*-1 is divided by 21?
10
Suppose 0 = -305*a + 308*a - 90. What is the remainder when a is divided by 17?
13
Let y(p) = -2*p**3 + 15*p**2 + 7*p + 14. Let j be y(7). Suppose 2*t - j = -6*t. What is the remainder when 51 is divided by t?
9
Calculate the remainder when 2/12 + 280/(-240) + 6 is divided by 3.
2
Suppose 3*a + a = 140. Suppose d - 17*d - 23*d = -741. Calculate the remainder when a is divided by d.
16
Suppose -g - 26 + 151 = h, 4*g - 5*h - 545 = 0. Suppose -g + 0 = -13*m. Suppose -2*q - 140 = -7*q. What is the remainder when q is divided by m?
8
Let q = -111 - -115. Calculate the remainder when 18 is divided by q.
2
Let l(z) = -9*z - 27. Let r be l(-3). What is the remainder when 534/8 - r - (-4)/16 is divided by 12?
7
Let m = -9904 - -10030. Calculate the remainder when m is divided by ((-1)/(-3))/(2/258).
40
Let p = -12 + 57. Let a(w) = 5*w + 11. What is the remainder when a(15) is divided by p?
41
Let v(t) = t**2 - 7*t + 9. Let s be -6*((-4)/(-3) + -2). Let n be v(s). What is the remainder when 91 is divided by (5 + n)/2*23?
22
Let r be 55/(-6) - 1/(-6). Let l = 90 - r. What is the remaind